1129?
1
What is the units digit of 922?
2
What is the hundreds digit of 8952?
9
What is the ten thousands digit of 26437?
2
What is the hundreds digit of 1866?
8
What is the hundreds digit of 2128?
1
What is the hundreds digit of 109166?
1
What is the tens digit of 7795?
9
What is the units digit of 14411?
1
What is the hundreds digit of 2728?
7
What is the units digit of 27615?
5
What is the tens digit of 18170?
7
What is the hundreds digit of 232?
2
What is the ten thousands digit of 31622?
3
What is the tens digit of 789?
8
What is the units digit of 39177?
7
What is the units digit of 89791?
1
What is the thousands digit of 35813?
5
What is the ten thousands digit of 25570?
2
What is the tens digit of 612?
1
What is the tens digit of 7504?
0
What is the tens digit of 754?
5
What is the thousands digit of 1007?
1
What is the tens digit of 568?
6
What is the tens digit of 1296?
9
What is the tens digit of 1683?
8
What is the ten thousands digit of 165360?
6
What is the units digit of 8158?
8
What is the units digit of 3153?
3
What is the thousands digit of 21558?
1
What is the ten thousands digit of 40101?
4
What is the units digit of 57157?
7
What is the ten thousands digit of 10097?
1
What is the hundreds digit of 3994?
9
What is the hundreds digit of 26346?
3
What is the thousands digit of 20608?
0
What is the thousands digit of 16115?
6
What is the hundreds digit of 16848?
8
What is the hundreds digit of 17587?
5
What is the thousands digit of 29246?
9
What is the units digit of 1454?
4
What is the tens digit of 952?
5
What is the thousands digit of 1491?
1
What is the units digit of 246?
6
What is the tens digit of 8876?
7
What is the units digit of 1552?
2
What is the thousands digit of 6514?
6
What is the units digit of 4017?
7
What is the tens digit of 1843?
4
What is the units digit of 13814?
4
What is the tens digit of 274?
7
What is the thousands digit of 3174?
3
What is the hundreds digit of 8642?
6
What is the thousands digit of 6998?
6
What is the tens digit of 24001?
0
What is the units digit of 222?
2
What is the units digit of 865?
5
What is the tens digit of 219?
1
What is the thousands digit of 75055?
5
What is the ten thousands digit of 32585?
3
What is the units digit of 57412?
2
What is the units digit of 1357?
7
What is the tens digit of 13493?
9
What is the hundreds digit of 271?
2
What is the units digit of 46?
6
What is the tens digit of 39?
3
What is the units digit of 705?
5
What is the tens digit of 581?
8
What is the ten thousands digit of 10811?
1
What is the thousands digit of 9017?
9
What is the hundreds digit of 3371?
3
What is the hundreds digit of 158442?
4
What is the tens digit of 97689?
8
What is the hundreds digit of 125412?
4
What is the hundreds digit of 75500?
5
What is the thousands digit of 9848?
9
What is the units digit of 116244?
4
What is the tens digit of 4516?
1
What is the tens digit of 13951?
5
What is the units digit of 4597?
7
What is the hundreds digit of 7108?
1
What is the units digit of 12649?
9
What is the units digit of 537?
7
What is the units digit of 4780?
0
What is the ten thousands digit of 78252?
7
What is the thousands digit of 3928?
3
What is the tens digit of 41?
4
What is the tens digit of 1579?
7
What is the units digit of 25686?
6
What is the thousands digit of 5861?
5
What is the thousands digit of 2583?
2
What is the units digit of 5176?
6
What is the ten thousands digit of 58452?
5
What is the thousands digit of 4424?
4
What is the thousands digit of 1981?
1
What is the tens digit of 2308?
0
What is the hundreds digit of 5735?
7
What is the thousands digit of 3758?
3
What is the thousands digit of 8105?
8
What is the hundreds digit of 20386?
3
What is the units digit of 1599?
9
What is the units digit of 3996?
6
What is the ten thousands digit of 10435?
1
What is the hundreds digit of 858?
8
What is the units digit of 5451?
1
What is the hundreds digit of 476?
4
What is the ten thousands digit of 20242?
2
What is the hundreds digit of 781?
7
What is the hundreds digit of 121895?
8
What is the tens digit of 3672?
7
What is the hundreds digit of 354?
3
What is the tens digit of 48370?
7
What is the tens digit of 36729?
2
What is the thousands digit of 8451?
8
What is the tens digit of 2675?
7
What is the tens digit of 3194?
9
What is the ten thousands digit of 92331?
9
What is the hundreds digit of 7627?
6
What is the tens digit of 483?
8
What is the units digit of 37?
7
What is the units digit of 84?
4
What is the thousands digit of 9662?
9
What is the tens digit of 8736?
3
What is the hundreds digit of 7272?
2
What is the hundreds digit of 4361?
3
What is the thousands digit of 1190?
1
What is the tens digit of 7193?
9
What is the hundreds digit of 852?
8
What is the hundreds digit of 39118?
1
What is the tens digit of 443?
4
What is the units digit of 3831?
1
What is the tens digit of 76690?
9
What is the tens digit of 591?
9
What is the tens digit of 394?
9
What is the thousands digit of 1405?
1
What is the ten thousands digit of 24728?
2
What is the units digit of 1824?
4
What is the hundreds digit of 22431?
4
What is the units digit of 771?
1
What is the tens digit of 411?
1
What is the tens digit of 6428?
2
What is the units digit of 975?
5
What is the thousands digit of 2718?
2
What is the tens digit of 807?
0
What is the hundreds digit of 120717?
7
What is the units digit of 679?
9
What is the hundreds digit of 814?
8
What is the units digit of 1499?
9
What is the tens digit of 47553?
5
What is the thousands digit of 1102?
1
What is the units digit of 341?
1
What is the tens digit of 1281?
8
What is the thousands digit of 1026?
1
What is the tens digit of 844?
4
What is the thousands digit of 48921?
8
What is the units digit of 15875?
5
What is the hundred thousands digit of 107248?
1
What is the hundred thousands digit of 102313?
1
What is the ten thousands digit of 22241?
2
What is the units digit of 44156?
6
What is the hundreds digit of 938?
9
What is the thousands digit of 28923?
8
What is the hundreds digit of 269?
2
What is the units digit of 346?
6
What is the thousands digit of 20904?
0
What is the thousands digit of 2004?
2
What is the units digit of 2915?
5
What is the hundreds digit of 63362?
3
What is the ten thousands digit of 29792?
2
What is the thousands digit of 8571?
8
What is the thousands digit of 7263?
7
What is the tens digit of 11559?
5
What is the thousands digit of 1496?
1
What is the thousands digit of 5013?
5
What is the hundreds digit of 1361?
3
What is the tens digit of 29079?
7
What is the hundreds digit of 752?
7
What is the hundreds digit of 7983?
9
What is the hundreds digit of 4375?
3
What is the thousands digit of 31816?
1
What is the tens digit of 1749?
4
What is the tens digit of 17498?
9
What is the thousands digit of 96669?
6
What is the hundreds digit of 57211?
2
What is the thousands digit of 6017?
6
What is the tens digit of 40283?
8
What is the ten thousands digit of 55474?
5
What is the tens digit of 17243?
4
What is the hundreds digit of 70926?
9
What is the thousands digit of 2355?
2
What is the thousands digit of 2878?
2
What is the ten thousands digit of 86436?
8
What is the tens digit of 739?
3
What is the thousands digit of 3685?
3
What is the hundreds digit of 784?
7
What is the tens digit of 79?
7
What is the tens digit of 271?
7
What is the ten thousands digit of 34883?
3
What is the thousands digit of 2411?
2
What is the hundred thousands digit of 132931?
1
What is the ten thousands digit of 16956?
1
What is the tens digit of 929?
2
What is the units digit of 1201?
1
What is the tens digit of 632?
3
What is the hundreds digit of 22586?
5
What is the thousands digit of 3089?
3
What is the hundreds digit of 14491?
4
What is the thousands digit of 20106?
0
What is the hundreds digit of 22919?
9
What is the units digit of 588?
8
What is the ten thousands digit of 11736?
1
What is the ten thousands digit of 71561?
7
What is the tens digit of 1448?
4
What is the thousands digit of 180783?
0
What is the tens digit of 8443?
4
What is the ten thousands digit of 12570?
1
What is the ten thousands digit of 38345?
3
What is the units digit of 2209?
9
What is the tens digit of 86815?
1
What is the units digit of 1